ase 14?
bd2392
What is 3151500 (base 8) in base 3?
1120200222002
What is 3145a8 (base 11) in base 3?
221121010210
278044 (base 9) to base 6
3350321
Convert 1991272 (base 11) to base 5.
1324320231
Convert bfd1 (base 16) to base 15.
e83a
What is 2fb9e6 (base 16) in base 10?
3127782
-375474 (base 11) to base 10
-592860
Convert -221010330111 (base 4) to base 11.
-60952a7
What is -1542502 (base 7) in base 10?
-212221
Convert 58a25 (base 13) to base 7.
1243413
Convert 145227 (base 14) to base 4.
2230101203
133bd83 (base 14) to base 7
141654523
Convert -5202412 (base 7) to base 2.
-10011000000010011110
What is 388a2 (base 15) in base 10?
180827
Convert 5750133 (base 9) to base 2.
1011110101101011101000
-137978 (base 10) to base 6
-2542442
849201 (base 11) to base 7
14360444
-32307 (base 11) to base 10
-46955
-29923 (base 12) to base 4
-32033223
2bb4388 (base 12) to base 8
42076030
-9488b (base 13) to base 11
-172914
-2064277 (base 8) to base 11
-347063
295598 (base 11) to base 5
104224423
What is -1513206 (base 7) in base 15?
-40c13
What is -1041203241 (base 6) in base 15?
-ec662d
What is -63bc84 (base 13) in base 4?
-20323032200
Convert -13231001 (base 4) to base 8.
-75501
-119a4 (base 16) to base 14
-1c3c0
-891105 (base 10) to base 4
-3121203201
-23143006 (base 8) to base 11
-2927208
Convert 420172 (base 8) to base 14.
38b22
750804 (base 10) to base 8
2672324
12304000 (base 5) to base 9
201520
Convert 120120120110210 (base 3) to base 12.
2932710
Convert -230b30 (base 14) to base 12.
-496546
What is -26046 (base 12) in base 15?
-10599
What is -1121030122 (base 4) in base 7?
-3051061
Convert 223d1 (base 16) to base 9.
233333
-608a238 (base 11) to base 8
-51027627
-10011000000111101 (base 2) to base 13
-295b2
Convert 1120211203 (base 4) to base 13.
c9208
-64ba8 (base 12) to base 16
-207b0
-13cb6c (base 14) to base 15
-d8dd7
-29a948 (base 15) to base 3
-10210010111112
-1304431 (base 5) to base 9
-38122
123645a (base 11) to base 2
1000001011111101001001
What is 1150d0 (base 16) in base 13?
3096a4
Convert -a90440 (base 11) to base 6.
-101204315
What is 490425 (base 13) in base 15?
246653
What is 184568 (base 9) in base 12?
56608
1436537 (base 9) to base 5
200322013
Convert -11ab7a (base 13) to base 6.
-13025544
Convert -879bc (base 13) to base 2.
-111011111100100111
-743701 (base 9) to base 6
-13251514
Convert -122601241 (base 7) to base 3.
-112120122221101
What is -2519245 (base 11) in base 4?
-100230023320
8e18a (base 16) to base 13
174bc3
Convert 17266 (base 12) to base 7.
165534
1511160 (base 7) to base 15
408e9
What is -2104434000 (base 5) in base 8?
-20537352
Convert 2120023 (base 6) to base 11.
709a9
Convert 1124331340 (base 5) to base 2.
1001110100011010010010
Convert b8c94 (base 13) to base 16.
51848
What is 100222112220 (base 3) in base 14?
5187d
What is 437747 (base 11) in base 3?
1022110221112
202001112221 (base 3) to base 7
3232666
101010100010110111011 (base 2) to base 6
45514111
-68538b (base 13) to base 9
-4571228
-20110110011 (base 3) to base 6
-2420434
-31a82a (base 11) to base 8
-1750150
Convert -58a92a4 (base 11) to base 14.
-1523646
Convert -7386705 (base 9) to base 14.
-74d2c4
What is -3014530 (base 6) in base 13?
-4ca22
What is -27a629 (base 13) in base 6?
-32410020
-12245222 (base 7) to base 2
-100001101100000010000
What is 300321 (base 10) in base 12?
125969
2152087 (base 9) to base 16
11a4b1
Convert 12211011 (base 3) to base 5.
113433
Convert -64ad48 (base 16) to base 4.
-121022311020
What is -1342314 (base 8) in base 6?
-12034140
What is -124322 (base 10) in base 16?
-1e5a2
Convert -1be993 (base 15) to base 13.
-38a7b0
-2026266 (base 10) to base 13
-55c398
What is -640819 (base 15) in base 12?
-1716b66
What is -10c51ab (base 13) in base 4?
-103300312210
10386c (base 13) to base 8
1344676
-317599 (base 13) to base 4
-10122322012
-1571739 (base 10) to base 11
-983964
What is -613460 (base 13) in base 9?
-4230142
-8b281a (base 14) to base 3
-22220102102110
What is 120200012 (base 4) in base 13?
368ab
Convert -200200211 (base 3) to base 14.
-4d78
120120011212001 (base 3) to base 8
37431076
Convert 49ccdb (base 15) to base 3.
20122200012122
Convert -12313030210 (base 5) to base 8.
-71067470
Convert -1220210002220 (base 3) to base 14.
-1c7616
What is 100110001001110001 (base 2) in base 6?
3203253
-503250 (base 6) to base 10
-39630
a9947 (base 13) to base 7
2415636
Convert 1405063 (base 7) to base 12.
90011
-168c39c (base 13) to base 16
-6f8ae7
What is -101003 (base 4) in base 10?
-1091
-210000 (base 3) to base 4
-20313
What is -701285 (base 9) in base 15?
-82b5b
What is 3a0a8 (base 13) in base 2?
11010010100001111
-1dbc05 (base 15) to base 5
-333113310
What is -230232202 (base 4) in base 6?
-3532054
Convert 210221121202 (base 3) to base 2.
1101001011110010100
What is -2346804 (base 9) in base 15?
-1a1a34
Convert 2022322310 (base 4) to base 13.
16bcc2
111111012002122 (base 3) to base 9
14435078
What is -239720 (base 11) in base 14?
-9c105
Convert -9b55d8 (base 14) to base 13.
-112a40c
Convert -17bdda (base 14) to base 5.
-203332120
Convert 24432332 (base 5) to base 11.
14a453
-100010001110110000110 (base 2) to base 3
-2002222122100
Convert 63106250 (base 7) to base 2.
10100010001001010110011
What is 51227410 (base 8) in base 5?
10232403410
What is -101122220121121 (base 3) in base 9?
-11586547
Convert 5020606 (base 8) to base 5.
314204202
Convert -1cb7b (base 16) to base 14.
-30c1d
Convert -555262 (base 12) to base 16.
-14b42a
Convert -33302024 (base 5) to base 15.
-5b2c9
What is 111111001100011010000 (base 2) in base 7?
23413063
What is 1654a8 (base 13) in base 2?
10000111010111011010
Convert 1074541 (base 8) to base 16.
47961
What is -74075 (base 10) in base 2?
-10010000101011011
What is 40773137 (base 8) in base 6?
505210211
-1000111011111111 (base 2) to base 11
-2555a
Convert 1101011010011000 (base 2) to base 11.
38302
What is -2340331423 (base 5) in base 12?
-1986281
-24120534 (base 7) to base 13
-59bb18
What is 625002 (base 9) in base 15?
74e28
Convert -573508 (base 9) to base 8.
-1237334
6460b (base 13) to base 10
181179
-10110101111000110111001 (base 2) to base 8
-26570671
Convert 220320322013 (base 4) to base 11.
6061264
-dd4788 (base 15) to base 13
-2252a86
Convert -9440c (base 13) to base 2.
-1000001000100011101
What is -5b0c2 (base 16) in base 12?
-15b996
Convert -161ae (base 15) to base 6.
-1305532
What is 15312135 (base 6) in base 2?
10000011011011011011
Convert 2202011301 (base 4) to base 15.
d1ab6
What is 5554361 (base 9) in base 2?
1011011001100110110101
Convert -1104141311 (base 5) to base 11.
-13a8261
Convert 41134323 (base 7) to base 5.
1334443432
Convert 20436516 (base 7) to base 10.
1723833
What is 2317 (base 14) in base 6?
44121
-4217540 (base 9) to base 10
-2255967
Convert -885362 (base 10) to base 4.
-3120021302
What is 868c8 (base 14) in base 5?
40404121
What is 1000020011211 (base 3) in base 5?
114122240
14177e (base 16) to base 15
1b0224
Convert 69b86 (base 14) to base 8.
766672
What is -1202030 (base 10) in base 9?
-2231778
5f4ec (base 16) to base 15
7aa05
-11133412 (base 5) to base 2
-11000001110100000
Convert 236047 (base 8) to base 7.
454651
290954 (base 12) to base 2
10100111011001010000
Convert 4321043 (base 5) to base 3.
10201111211
What is 505739 (base 10) in base 14?
d2443
Convert 54155 (base 6) to base 16.
1cf7
What is 222222212212 (base 3) in base 6?
15215552
Convert 1750df (base 16) to base 15.
202b3b
11061501 (base 7) to base 12
3a1423
-522200353 (base 6) to base 15
-be178c
-2202201222011 (base 3) to base 6
-51310351
What is -221322313 (base 5) in base 7?
-11123511
10100000000111000 (base 2) to base 14
21c36
74a99 (base 12) to base 16
25815
What is -1521332 (base 7) in base 9?
-344848
What is 40210422 (base 6) in base 2?
100010101100001101110
-24213433 (base 5) to base 15
-46ee8
Convert -1610370 (base 9) to base 2.
-11011001111010111010
Convert -2032212 (base 5) to base 10.
-33432
-105145025 (base 6) to base 15
-280e38
Convert 872745 (base 9) to base 5.
113123020
What is 12121002202222 (base 3) in base 10?
2974157
Convert -152416 (base 8) to base 12.
-27692
Convert -11102100221 (base 3) to base 15.
-1abb4
Convert -368299 (base 16) to base 7.
-42236044
What is 1230333 (base 6) in base 10?
6